0?
1
What is (1 - 8) + (2 - 0)?
-5
What is 3 + 2 + (-6 + -3 - -1)?
-3
Calculate -3 - (-2 + -6 + 1) - -3.
7
6 + -2 + -7 + 3
0
What is 13 - 15 - (1 - (3 - 2))?
-2
What is the value of 5 + (4 - (6 - 5)) + 1?
9
Evaluate 0 + 2 - (-2 + 8 + -4).
0
Evaluate 2 + 1 - ((2 - 7) + 3).
5
What is the value of (-1 - -2) + (-28 + 16 - -17)?
6
What is the value of -7 - ((0 - -1) + -5 + 0)?
-3
Evaluate -56 + 42 + 18 + -1.
3
Evaluate 0 - 1 - (4 - (-5 - -5)).
-5
Evaluate 11 + (3 - (7 - 4)) + -2.
9
Calculate -2 - (-4 + (1 + -2 - -1)).
2
Calculate 7 + -15 + 2 + -1 + 2.
-5
(-4 - 2) + 2 - (-9 - -4)
1
0 - ((2 - -1) + -7 + 6)
-2
What is -1 + (-3 - (-1 - -1))?
-4
Calculate 9 - (-4 - -4) - (2 + 2).
5
What is the value of -11 + (-3 - (-9 + 2 + -1))?
-6
Evaluate -1 + 9 - (-1 + 4 - -3).
2
What is the value of (-3 - (1 + -2) - 2) + 1?
-3
Evaluate (-7 - -1) + -5 + 0 + 9.
-2
Evaluate (15 + -8 - -1) + -6.
2
-1 + 2 + -4 - -3
0
6 - (0 + 2 + 2 + -1)
3
What is the value of (8 - 4) + -9 + 0?
-5
(-5 - 0) + -1 + 13
7
Calculate -1 - -5 - 9 - -4 - 2.
-3
What is the value of (-12 - -14) + (10 - 14)?
-2
What is the value of -5 - 1 - 0 - -1?
-5
What is 8 + 2 + -6 - (-7 - -3)?
8
Evaluate 3 + -9 + 3 - -8.
5
What is the value of 1 + 12 + -3 - (18 - 16)?
8
What is -2 - (10 + -10 + 2 + -4)?
0
Calculate 1 - (-1 + -4 + 3).
3
Evaluate 8 - 3 - 7 - -7.
5
What is (1 - 9) + (-14 - -9) + 12?
-1
4 - (4 - (1 - 9 - -6))
-2
(0 - 0) + (-14 - -26) + -14
-2
-8 + 13 - 7 - -4 - -4
6
Evaluate (14 - 23) + 8 - (-1 + -1).
1
What is the value of -8 - (-4 - -3 - 3)?
-4
What is the value of (-34 - -36) + -10 + 2?
-6
What is the value of -6 + 1 - (8 + -4 + -10)?
1
What is (-33 - -30) + -1 + -1?
-5
-9 - (-18 + 15) - (1 + -2)
-5
(-7 - (4 - 2)) + -2 + 7
-4
Evaluate 2 - (-9 - -6 - (1 - 3)).
3
What is 7 - 4 - (4 - (0 - 0))?
-1
Evaluate (13 - (14 - 7)) + -5.
1
1 + 1 - (-4 + 6)
0
(5 - 1) + 2 + 3 + -4
5
What is the value of 2 + (0 - (-3 - 1 - -1))?
5
Evaluate 1 + (-1 - 4) + (-46 - -49).
-1
2 - 1 - (-1 - 0)
2
What is the value of -2 - (-10 + 6 + -2)?
4
What is the value of -22 + 25 + (-2 - -4 - 0)?
5
What is -12 + 12 + 2 + (-2 - 0)?
0
Calculate -2 + 6 + (-2 - 4) + 4.
2
Evaluate -80 - -78 - (2 + -8).
4
Evaluate -3 + 0 + 4 + 4.
5
Evaluate -19 + -11 + 31 + -9.
-8
Evaluate -1 + -6 + 5 - (1 - 0).
-3
3 + -6 + 1 + -2
-4
Evaluate (9 - 1) + -3 - 2.
3
What is 5 + 1 + -5 - 0?
1
What is the value of (-2 - ((4 - 2) + -1)) + -2?
-5
(-3 - -9 - (-5 - -8)) + 4
7
Calculate 0 + -2 + -5 - -5.
-2
Evaluate 1 + -1 + 9 + -4.
5
Calculate 7 - (10 + -4) - -4.
5
Calculate 8 - (-13 + 35 - 9).
-5
-6 + (-5 - (5 - 7)) - 0
-9
Evaluate -14 - (6 - -5 - 19).
-6
(3 - 6) + (7 - 9)
-5
Evaluate 8 + -4 - (-2 + 4) - 5.
-3
What is the value of (102 - 89) + 0 + -10?
3
Evaluate 0 + -4 - (20 + -15 + -6).
-3
-98 + 102 - (0 + (-1 - -9))
-4
5 - (3 + -6 + (14 - 12))
6
Calculate -5 - (5 - (-1 - -9) - -3).
-5
Calculate 4 + (0 - 2) + -2.
0
What is the value of -3 - (5 - (-2 - -7)) - -3?
0
What is -9 + -6 + -4 + 9 + 6?
-4
What is the value of -5 + (5 - 8 - -10)?
2
What is the value of 10 - (5 + 7 - 5)?
3
-6 + (-4 - (-4 + 1))
-7
What is the value of -5 + (8 - 5) + 5 + -9?
-6
What is 2 + (27 - 34) + (1 - -4)?
0
Evaluate -1 + -4 + (-1 - (-1 - 0)).
-5
Evaluate 2 + 1 + (-18 - (8 + -15)).
-8
-19 + 15 - (-1 - (1 - 3))
-5
Calculate (3 - 0) + -1 + 3 + -7.
-2
Calculate -5 - -2 - (-8 + 1 + 3).
1
What is (1 + 0 - (2 + -3)) + -4?
-2
Evaluate 1 + 4 + -1 + 1.
5
Evaluate (-2 - (-4 - 4)) + -3.
3
What is -1 - 0 - (5 - 4) - -4?
2
Evaluate 3 + 2 - (-42 + 39).
8
What is the value of 2 - (2 - (-4 + 2))?
-2
What is the value of 0 - (-1 + 1) - -4?
4
Calculate (2 - (2 - -1)) + 9 - 6.
2
What is -8 - (-1 + 1) - -6?
-2
Evaluate (-6 - 9 - -7 - -13) + -2.
3
What is the value of 8 + -13 + 10 + -12 + -1?
-8
Evaluate -5 + 4 + -4 - -5.
0
Evaluate 4 - 1 - (-1 + 0 + 5).
-1
Evaluate 73 - 79 - (-1 - 6).
1
What is 5 + (-17 - -5) + 6?
-1
Evaluate 3 - ((9 - 3) + 0) - -1.
-2
What is 8 - 2 - 5 - 4?
-3
-7 + 2 + -12 + 9 - -3
-5
Calculate -2 + 19 + -7 + -5 - 4.
1
Evaluate -2 + 9 - (-51 - -51).
7
Evaluate -1 + 0 + (14 - 20) - -6.
-1
What is the value of -1 - (-7 - (3 - 8))?
1
-211 + 207 - (-1 - 1)
-2
Calculate -2 - (-10 + -8 + 15).
1
Calculate -2 - 12 - -1 - -8.
-5
What is (0 - 5) + -48 + 50?
-3
Calculate -54 + 47 + -2 + 4 + -2.
-7
What is 1 + 0 + 23 + -29 + -2?
-7
What is the value of 4 + 2 - -2 - 3?
5
Evaluate 0 + -6 - (1 - (0 + 4)).
-3
What is (0 - (-3 - -1)) + 1?
3
What is -2 - 0 - (43 - 55)?
10
-3 + -1 + (3 - -7) + -3
3
Calculate 1 + -5 - ((-14 - -25) + -20).
5
Evaluate (-8 - 1) + (-20 - -24).
-5
Calculate -1 - (3 + (-3 - -1)).
-2
What is the value of 36 - 35 - (0 + -2) - 2?
1
What is the value of 9 + (7 - 11) + -9?
-4
Calculate 20 + -12 - (-7 + 19).
-4
What is the value of -18 + 2 + (1 - 6 - -12)?
-9
What is the value of -1 + 3 + -6 + 4?
0
4 + -3 + 2 + 1 + 0
4
What is the value of 8 + (-5 - (-4 + 3)) + -7?
-3
Evaluate -1 - (0 - (-1 - -6)).
4
What is 2 - (-4 + 5 + 6)?
-5
Evaluate 1 + -6 + (-1 - -3).
-3
Calculate -2 + (-2 - (1 - 2)) + 0.
-3
What is the value of -14 + 29 + (7 - 21)?
1
What is the value of -7 + 10 - (3 - (0 + 0))?
0
Evaluate -12 + 7 + 13 + -2 + 2.
8
Calculate (2 - 6) + -11 + (6 - -5).
-4
What is the value of -22 + 20 + (0 - 0)?
-2
What is the value of 3 + 5 + 3 + -12?
-1
Calculate -16 - -20 - (3 - (-2 - 3)).
-4
Calculate -4 + 3 + 4 + 1.
4
2 + (-3 - 0) - (8 + -4)
-5
Calculate -1 - (-2 + (1 - -4)).
-4
4 - (18 - 8) - -12
6
Calculate -4 + -1 + (-4 - -8).
-1
What is -5 + 3 + (5 + 0 - 0)?
3
What is the value of 0 + (-1 - 1 - -6)?
4
What is the value of -31 + 21 - (-12 + -1)?
3
Evaluate 1 + (1 + 0 - 0).
2
Calculate -1 - (15 + -9 + -12).
5
Calculate 5 + -2 + (-6 - 1).
-4
Evaluate -13 + 13 - (-2 - -2).
0
(5 + -7 - (2 + -3)) + 5
4
-3 + (-3 - -12) - 1
5
What is the value of -5 + 12 + -11 - -1?
-3
What is 4 - (2 + -2 + -2 - -1)?
5
What is the value of 13 - (9 - (6 - 4))?
6
What is 0 + -15 + 1 + 7 - -1?
-6
What is -4 + -4 + 13 - 11?
-6
-1 + (-3 - -4) + 5 + 4
9
Calculate -8 - (-17 - -11) - -7.
5
-6 + 7 + 1 + -3
-1
Evaluate -5 + -1 + (-4 + 7 - 5).
-8
What is the value of 52 + -40 - (2 + (-1 - -1))?
10
Calculate 21 + -36 + 19 + -7 + 1.
-2
Calculate (2 - -6) + -13 - -10.
5
What is 9 + -2 + (1 - 2) - -1?
7
Calculate (-8 - -9) + (6 + 8 - 6).
9
What is (2 + -2 + 4 - 8) + 4?
0
-8 - (-12 + 11 + -3)
-4
1 - 4 - ((-12 - -14) + -6)
1
Calculate (4 - (10 + -4) - -2) + 4.
4
(-4 - 0) + (21 - 14) - 6
-3
Calculate 3 + -2 + 2 + -8.
-5
(-1 - -10) + -4 + -1
4
0 + 11 + (-3 - 7)
1
Calculate -2 - (3 - (11 + -1 + -5)).
0
Evaluate 23 - 20 - (-2 - (0 - 2)).
3
What is (-10 - -1) + (3 - (5 - 6))?
-5
4 - (3 - 3) - (9 + -7)
2
Calculate -1 + 2 + (1 + -2 - -6).
6
What is -1 + -1 + -2 + 2 - 0?
-2
What is the value of -10 - ((1 - -6 - 7) + -6)?
-4
What is the value of 0 + -2 - (-11 + (3 - -3))?
3
What is -6 + 9 - (1 - -4)?
-2
What is the value of -2 + -1 + (-6 - (-1 + -5))?
-3
Calculate 3 + (-1 - 1 - (-5 - -2)).
4
What is the value of (-2 - -1) + 4 - 5?
-2
What is 0 - (1 - (-1 - -6))?
4
(10 - 7) + (0 - -2) + -10
-5
What is the value of -3 + 0 - (-4 - 2) - 5?
-2
What is -4 + 10 + -3 + (-6 - 1)?
-4
8 - (7 - 3) - (2 + 1)
1
(-4 - -9 - 3) + (-9 - -3)
-4
Evaluate 6 - (4 + (5 - 16) - -7).
6
-1 + 14 - (202 + -189)
0
Calculate -1 - (12 - 7) - (-1 - 1).
-4
(3 - 1 - 2) + 0
0
Evaluate (3 - 3) + 0 + 0.
0
(-2 + 8 - 10) + (-8 - -8)
-4
Evaluate (-2 - -6) + -2 + -5.
-3
What is the value of (-21 - -16) + (2 - 2 - -2)?
-3
-3 - (10 - (9 - 2))
-6
Evaluate 10 + -5 + (-4 - -1).
2
(5 - 17) + 8 + 5
1
Calculate -13 - (-15 - 5) - 12.
-5
Evaluate (0 - -2) + (-12 - -19) + -10.
-1
Evaluate -20 + 13 - (-1 - -2).
-8
Calculate 1 - -4 - (-17 + -16 + 41).
-3
Evaluate 0 + 1 + -4 + -2.
-5
Calculate 2 - ((1 - -10) + (-9 - -5)).
-5
0 - (0 + (3 - 2))
-1
What is (-9 - 4 - -2) + -1 + 7?
-5
What is 2 + 3 + (4 + -11 - 2)?
-4
(2 - 5) + 6 - 0
3
Evaluate (0 + -6 - -7) + -1 + -10.
-10
-3 + 1 + (-6 - -10) + -4
-2
Evaluate (5 - 8 - -11) + -5.
3
Calculate 4 + (-4 - (-3 - 0)) + -5.
-2
Evaluate 6 - (5 - (-1 + 5 - 2)).
3
What is the value of 2 - 0 - ((-1 - 6) + 8)?
1
What is the value of 2 + (0 - 1) + -33 + 33?
1
4 + (1 - (1 - -2))
2
What is (-4 - (2 - (-1 - -1))) + 16?
10
What is 7 + -7 - 0 - 4?
-4
What is (1 + 1 - (-2 - -3)) + -2?
-1
2 - (2 - (4 - 5 - 0))
-1
(1 - 2) + -3 + 0
-4
Evaluate (1 - (-5 - -6 - 